e -9 + -50 + 51 + -12 + (-6 - (0 - -1)).
-27
What is 7 + (78 - -2) - (-47 - (-23 + -20))?
91
5 + (-1 + -39 - (62 - 34 - 26))
-37
Calculate -560 + 545 + 1 + 0 + -36.
-50
Evaluate 288 + -158 - 125 - (-62 - (-2 + -2 + 4)).
67
Calculate -49 + (-26 - (-41 + 24 + 14)).
-72
Calculate (-1 - 141 - (31 - (13 + 30))) + 5 + 13.
-112
Calculate 107 - (42 + 128 + -17).
-46
Calculate -47 - (-32 - (53 - 39)).
-1
Calculate 52 + (5 - 53) + 56.
60
(64 - -72 - 192) + 18
-38
Evaluate 5 + 2 + 353 + -328.
32
Calculate 29091 + -29149 - (0 + -64).
6
What is -133 - (96 - 152 - 10)?
-67
What is 113 + -123 + (4 - -1) + (11 - (5 + -1))?
2
Evaluate (1 - 13) + (2 + -47 - (-225 + 218)).
-50
What is (0 - (-6 + 18)) + (107 + -119 - (2 - -8))?
-34
-19 + (-74 - -40) + 30
-23
What is the value of 3 - 39 - (-53 + 8 + 40)?
-31
32 + (-35 - -22) + -5 - (0 - -4)
10
Calculate 11 + (-2 + 2 - 10) - 13 - 0 - 80.
-92
Calculate 23 + -10 + -23 - (61 - (-1 - -2)).
-70
What is 8 - (-17 + 22 + -6) - (-20 + 2)?
27
What is (92 - 27 - (18 - 4)) + -23?
28
What is 14 + (-12 - (-7 - -2) - (-25 - -37)) + 121?
116
Calculate 104 - (402 + -79 + -74).
-145
What is -27 - (-7 + 47 + -40 + (1 - 6))?
-22
Calculate -41 + -16 + 117 + -21.
39
What is the value of 51 + -70 + -5 + 34 + -1 + -73?
-64
Evaluate -55 - -48 - (-8 + 40 - -79).
-118
Evaluate 76 - 109 - (-7 - (15 + -53)).
-64
Calculate -76 + (33 - (-2 + 4)).
-45
What is the value of 7 - (-5 + 8 - 0) - (42 + 24)?
-62
(26 - -1) + -35 - -18 - (0 + 2 + 3)
5
Calculate -12 + 138 + (-65 - 79) + 1 + 97 + 2.
82
What is (-52 - -15 - -15) + (1 - -2 - -7) - 37?
-49
Evaluate -17 + (-61 - 0) + 99.
21
56 + 3 - (-229 + 223)
65
-26 + (14 - (-1 + -7 + 17) - -2)
-19
Evaluate -22 + 3 + -7 + (6 - 15) - 2.
-37
-28 - (-175 + (88 - 41))
100
Calculate 36 + 2 + (-85 - -35).
-12
12 - (207 + (-75 - 7))
-113
Calculate 58 + 2 - (-105 - -79 - (-18 - -2)).
70
What is 35 + -57 + -7 - -50?
21
What is 41 + (-5 + 16 - 11 - 4) + 0?
37
36 + -42 - (0 - 19) - (-50 + -17)
80
What is the value of (-23 - -35) + 4 + 18 + 5?
39
What is the value of (20 + -8 - -6) + -86 + 50 - -93?
75
-45 + (7 - 6 - -2) + 2 - (4 + 1)
-45
What is the value of 133 + -94 - 17 - (-28 - 2)?
52
Evaluate -9518 + 9539 + 87 + 1.
109
What is the value of -3 + -22 + 38 + 1 + (40 - (1 - 0))?
53
Evaluate (-20 - -9 - 6) + (16 - 30).
-31
-5 - (1 - 13) - ((17 - 50) + 1)
39
What is the value of 79 - 31 - (-21 + 50)?
19
1 + (5 - 9) - (1 + 29) - (-4 - 0)
-29
35 + 0 - (-1735 - -1798)
-28
What is the value of -2 - (24 - (35 - 15 - -27))?
21
Evaluate (-133 - -64) + 114 - 38.
7
-2 - (51 - ((-6 + 8 - -1) + 5 + -4))
-49
Calculate 8 - (-5 + 21) - (1 - (3 - 2 - -3)).
-5
What is -44 + 81 + -61 - (1 + -4)?
-21
What is (0 + 1 - ((-10 - -15 - 27) + 19)) + -1?
3
Calculate 18 + (9 - 18) + (-20 - -5).
-6
Calculate -19 + -20 + 56 + -12 + -2.
3
What is the value of -64 + 1 + -132 + (-12 - -127)?
-80
Evaluate -8 + (1 - (5 - (4 - 2))) - (-1599 - -1532).
57
What is (-1 - (-13 - 10 - 6)) + (7 - (10 + 1))?
24
4 - (11 - (48 - 25))
16
22 + 8 - ((-10 - -15) + -6 + 21)
10
Evaluate 2 + (-33 - 0) + 29 + (-38 - -2) + -6.
-44
What is -2381 - -2383 - (-1 - 11)?
14
108 - (0 - ((3 - (44 + -15)) + 7))
89
-33 + -5 + -824 + 857
-5
Evaluate (-48 - 1) + 23 + (-12 - (24 - 15)).
-47
What is the value of (-158 - -6) + (-9 - -21 - -10) + 21?
-109
13 + (18 - (25 - 13 - -1) - 12)
6
What is the value of (150 - 180) + -30 - ((-1 - 9) + (2 - 2))?
-50
What is 107 + (-102 - (-102 - -16))?
91
Calculate 8 - (11 + (-4 - -14) + -73 + -21).
81
What is the value of (-2 + 7 - ((-25 + 10 - 0) + 28)) + -20?
-28
Calculate (8 - -55) + (-2 + -4 - (-6 + 14)).
49
Calculate -17 + (0 - -1 - -2) - (229 - 222).
-21
What is the value of -23 - -23 - (-27 - 1 - ((-15 - 5) + 25))?
33
Calculate -74 + 3 + (389 - 394).
-76
Calculate 30 - (25 - (3 + 3 + 16)).
27
Calculate (8 + 1 - ((20 - 9) + 7)) + 12 - 11.
-8
What is the value of -194077 - -194203 - (1 - (-1 - (11 + 1)))?
112
What is (-19 - (-8 + -2)) + (-7 - 15)?
-31
Evaluate 40 + (2 - 29) - (8 + -9 + 26).
-12
What is (52 - 78) + (-6 - 24)?
-56
What is -22 + (85 - (-14 + 72))?
5
Calculate (-79 - -79) + 15 + -2 + -19 - (-1 + -71).
66
Evaluate 6 - (8 - ((-2 - 14) + 10 + 16)) - 78.
-70
(-7 + 2 + -4 - -9 - 2) + 191 + -52
137
(22 - 53 - (-150 - 9)) + -3 + -13
112
Calculate (-9 - -15) + (-4 - ((-2 - 0) + (24 - 23))).
3
What is 3 - (-52 + (17 + -20 - -20) - -1)?
37
Evaluate (-2 - -9) + 9 - (20 - 40).
36
46 + -1 - (56 - 37) - 78
-52
What is the value of -34 + (-2 - (-32 + -10))?
6
What is the value of -652 + 712 - (31 - -4)?
25
What is (5 - 4) + (23 - (17 + 9) - 12)?
-14
Calculate -31 + (34 - 15) + 18.
6
-20 + 47 + -26 + (-32 - 0) + 3
-28
What is the value of -164 + 140 - (2 - 5 - (1 - 7 - -2))?
-25
Calculate -12 - (54 + -14 + 11 + -10 + 20).
-73
Evaluate -32 + (10 - (-4 - 16)) - (1 + -1 + 50).
-52
Evaluate (100 - -154) + -253 + 0 + 82.
83
What is 25 + -24 + (4 - 4) + 37?
38
Calculate 9863 + -9797 - (98 - 0).
-32
Calculate -4 - (43 - (-20 - -29)).
-38
Calculate 7 + 32 + (6 - -4 - 2 - (29 + -29)).
47
27 + (5 - 2 - (-665 + 624))
71
(62 - 77) + 65 + 18
68
What is 7 - (-52 - (34 - 118))?
-25
Evaluate (75 - -3) + 21 + -79.
20
Evaluate 8 - (12 + -12 - -7 - -36).
-35
Calculate -16 - -61 - (-6 - (-17 + (1 - 4))).
31
What is the value of 14 - (-10 + -39 + 27)?
36
What is (-11 - -1) + ((-8 - -36) + -97 - -31)?
-48
27 - -1 - (-42 + (29 - 5) + 29)
17
What is the value of (-5 - -10) + (1 + 6 - (3 + (-45 - 12)))?
66
What is the value of (-36 - -1) + (148 - 68 - -34)?
79
Calculate -254 + 158 - (-20 + -9 + 17).
-84
What is the value of 19 - (-68 - (36 - 62))?
61
37 + (-17 - -134 - 86)
68
What is -4 - (-18 - (9 + -34)) - -50?
39
Calculate 75 + -70 + (27 - (-1 + 6)).
27
Evaluate -15 - -7 - (-7 - (4 + 14)).
17
Calculate -179 + 79 + -7 + 0 - (-15 + (17 - -1)).
-110
What is 42 + (0 - -7) + (2 - (6 - (2 - 5)))?
42
-252 + (96 - -43) - -109
-4
(0 - -71) + -3 + (-40 - (2 - 34))
60
What is the value of -754 + 747 - (18 + 6)?
-31
Calculate 76 + 65 + -24 + -141 + 1 + -117.
-140
Calculate -1 + (14 - -1) + (-161 - -467) + -338.
-18
Calculate -5 + (-2 - (-10 - -11)) + 14 + 3 + -44.
-35
What is the value of 40 + -25 + -66 + 28?
-23
Evaluate 24 - (-16 - -1) - 56.
-17
Evaluate 4 - (-6 - (17 + (-21 - 16))).
-10
Evaluate -5 + (67 - 134) - -114.
42
What is the value of (-82 + (30 - 25) - -14) + 6?
-57
Evaluate -103 + 1 + 5850 + -5643.
105
-1 + 0 - (-512 - -521)
-10
What is 0 + -11 - (-99 - ((21 - -7) + -54))?
62
-86 + 34 - (7 - 65)
6
50 + (-53 - 28) + 28
-3
What is (56 - 228) + 104 - -65?
-3
What is 4 - ((35 - 35) + (-1 - -4) + -19)?
20
What is the value of 7 + (-1 - -4 - -4) + 41 + -39 + 0?
16
What is (-22 - -45) + -67 + 22 + -2 + 16 - -104?
96
What is -48 + (10 - 7) - (1 + 1)?
-47
Evaluate -58 + -9 + 4 + -4 + 3 + 0.
-64
What is the value of -218 + 15 + 133 - (-33 + 2)?
-39
Evaluate -10 - (-100 + 0 + -20 + 16 + -1).
95
79 - (-162 - (-126 + -135))
-20
Calculate 28 + -22 + 5 + -147 + (-5 - -11).
-130
What is the value of -943 + 931 - (-17 - -2)?
3
134 + -52 + 17 + -15 - 16
68
What is (15 - (0 + -1)) + 9387 + -9448?
-45
Evaluate 46 - (-33 - (-27 + -70)).
-18
What is the value of (-4 - (11 + -37)) + -2?
20
What is the value of (-70 - 1) + (-27456 - -27423)?
-104
What is -13 - (18 + -10 - 77) - (-5 - -7 - -3)?
51
What is -4 - 2 - (-2161 + 2121)?
34
What is -5 + (-3 - 0) + -9 + 59 + -12 - 4?
26
(23 - (7 + -4)) + 1725 + -1865
-120
25 + -67 + (-93 - (-19 + -21))
-95
12 + -9 + 2 + -9 + (5 - (6 - 2))
-3
Evaluate (16 - (-4 + -1)) + -18 + (45 - 19).
29
What is -4 - (5 - (16 - 1) - (-142 - -45) - 13)?
-78
What is 26 - ((24 - 48) + 12 - -6)?
32
Calculate -60 + 45 + 105 + -60.
30
What is the value of 21 + 22 - 50 - ((5 - 3) + -50)?
41
What is the value of (-184 - (-325 + 110)) + 1 + -9?
23
What is -7 - -9 - (391 + -327)?
-62
What is the value of -31 + (-32 + 47 - -13) + (89 - 1)?
85
-2233 - -2228 - (6 - (-1 + 3)) - (10 + -2)
-17
What is the value of 0 + 30 + (66 + -318 - -148)?
-74
What is the value of -53 + 46 + -102 + 50?
-59
Calculate -1 + 1 - (91 + -139 + 41).
7
Calculate -2 + -62 - (4458 - 4468).
-54
What is the value of 31 + 19 + 85 + -250?
-115
What is 12 + 17 + (12 - (-8 - -2)) + -5 + 0?
42
-7 + -3 + 13 + -45 + 23 + 9
-10
Evaluate (1 + 3 - 9) + -4 + (53 - 0).
44
1 - (65 - 0) - (10 - 56 - -37)
-55
What is